168).
28
Let y(h) = -h**3 - 657*h**2 - 7974*h - 2225599. What is y(-650)?
1
Let f(k) = -134*k - 5799. Calculate f(-43).
-37
Let a(x) = 7*x**2 - 1545*x - 75729. Calculate a(262).
-11
Let j(a) = 382*a + 5129. Determine j(-15).
-601
Let l(d) = -300*d - 16739. Give l(-57).
361
Let j(x) = -x**3 + 70*x**2 - 3222*x + 141421. Calculate j(57).
4
Let t(h) = 1925*h + 7681. Give t(-4).
-19
Let k(z) = -25*z**2 - 215*z - 466. Calculate k(-5).
-16
Let l(d) = d**3 - d**2 + 238*d - 1027. Determine l(4).
-27
Let h(p) = 66*p**2 + 29412*p - 58825. Give h(2).
263
Let d(j) = 2053*j - 8181. What is d(4)?
31
Let d(n) = -n**3 - 60*n**2 + 1706*n - 100. Calculate d(21).
5
Let g(a) = 10237*a + 71424. Calculate g(-7).
-235
Let k(n) = n**3 + 53*n**2 - 883*n - 40045. What is k(-56)?
-5
Let x(i) = 28*i**2 + 19*i + 127. What is x(-5)?
732
Let b(l) = -13*l**2 + 643*l + 6314. What is b(-10)?
-1416
Let c(y) = -9164*y**2 - 36622*y + 3. Determine c(-4).
-133
Let o(k) = 1601*k**2 + 49612*k - 523. Calculate o(-31).
66
Let a(n) = 45*n**3 - 6119*n**2 - 136*n + 51. What is a(136)?
51
Let h(r) = 98112*r - 1766013. Give h(18).
3
Let g(r) = -313719*r - 2196018. Calculate g(-7).
15
Let h(b) = 10*b**3 - 11*b**2 + 579*b + 4150. Give h(-7).
-3872
Let h(v) = -543*v - 4565. Calculate h(-8).
-221
Let p(r) = -r**3 + 301*r**2 - 642*r + 13150. Give p(299).
-6
Let x(w) = -w**2 - 346*w + 154118. Calculate x(-602).
6
Let p(s) = s**3 + 28*s**2 - 73*s + 2042. What is p(-32)?
282
Let x(r) = r**3 - 45*r**2 - 1564*r - 50. Calculate x(-23).
-50
Let u(k) = 2*k**3 + 16*k**2 + 58*k + 316. Calculate u(-13).
-2128
Let j(d) = -d**3 - 117*d**2 - 2122*d - 248274. Determine j(-117).
0
Let g(i) = 224*i**2 - 210*i - 1080. Determine g(-5).
5570
Let p(r) = -11*r + 6. What is p(26)?
-280
Let l(s) = 10*s**2 - 47*s - 105. Give l(0).
-105
Let g(b) = 333*b**2 - 2996*b - 8. Give g(9).
1
Let j(r) = -25150*r - 29123704. Give j(-1158).
-4
Let w(k) = k**2 + 402*k + 39763. What is w(-188)?
-469
Let w(i) = 42*i - 10775. Give w(245).
-485
Let l(h) = h**3 - 3*h**2 - 1094*h + 2191. Determine l(2).
-1
Let v(z) = -10216*z - 61373. Calculate v(-6).
-77
Let r(b) = 117815*b + 2356303. Give r(-20).
3
Let h(z) = 872*z + 142155. Determine h(-163).
19
Let v(x) = -3*x**3 - 62*x**2 - 85*x - 2752. Calculate v(-21).
-526
Let u(n) = 65*n**2 - 5019*n + 96760. What is u(40)?
0
Let z(q) = -q**3 + 26*q**2 - 449*q + 4638. Determine z(16).
14
Let u(b) = -5*b**3 - 80*b**2 + 1827*b + 29241. What is u(-16)?
9
Let l(h) = 29*h**3 - 205*h**2 - 23*h + 13. Determine l(7).
-246
Let l(w) = 4931*w + 33800. What is l(-7)?
-717
Let x(s) = 6*s**2 + 586*s - 258. Calculate x(-99).
534
Let i(h) = 129*h**3 + 28*h**2 + 58*h - 7. What is i(3)?
3902
Let g(s) = -9297*s - 18515. What is g(-2)?
79
Let g(n) = -n**2 + 184*n - 8328. Calculate g(93).
135
Let w(j) = 22*j**3 - 179*j**2 + 37*j - 22. Give w(8).
82
Let z(s) = -s**2 - 2309*s + 2307. Give z(1).
-3
Let h(i) = 12*i**2 - 93*i + 185. Give h(4).
5
Let l(m) = m**3 + 140*m**2 + 4661*m - 1201. Give l(-85).
-11
Let p(k) = -k**3 + 46*k**2 - 38*k - 977. Calculate p(45).
-662
Let i(t) = -334*t + 39645. Calculate i(116).
901
Let a(k) = -211376*k - 2113771. What is a(-10)?
-11
Let r(i) = 9*i**2 - 2380*i + 1077. Give r(264).
21
Let c(h) = -h**3 - 70*h**2 - 926*h + 56. What is c(-52)?
-464
Let l(n) = -891*n**2 + 9770*n + 5. What is l(11)?
-336
Let a(m) = -5*m**3 - 15*m**2 + 380*m - 39. Give a(8).
-519
Let n(z) = 2*z**2 + 2932*z - 8789. Determine n(3).
25
Let y(u) = 4*u**3 - 7*u**2 + 151*u - 281. Calculate y(2).
25
Let x(b) = 305*b - 4805. Determine x(14).
-535
Let t(a) = 3215*a - 41510. What is t(13)?
285
Let l(v) = -5538*v + 55237. Determine l(10).
-143
Let i(m) = 92*m**3 - 7*m**2 - 3*m + 58. Determine i(3).
2470
Let i(m) = 37841*m + 302254. Give i(-8).
-474
Let o(i) = i**3 + 138*i**2 - 421*i - 149. What is o(-141)?
-431
Let y(w) = 3682*w - 28533. Calculate y(9).
4605
Let k(r) = -11*r**3 - 800*r**2 - 573*r + 124. Calculate k(-72).
-92
Let g(p) = -10181*p + 1018108. Determine g(100).
8
Let q(p) = p**3 + 3*p**2 + 978*p + 5974. Give q(-6).
-2
Let t(r) = -r**3 - 67*r**2 + 4109*r - 131. Determine t(39).
-1106
Let p(l) = -28*l**3 - 1909*l**2 - 244*l + 6542. Give p(-68).
14
Let c(d) = -6*d**3 + 1139*d**2 - 53899*d - 104. Determine c(100).
-4
Let y(o) = o**3 + 103*o**2 - 105*o + 43. Determine y(-104).
147
Let u(p) = 6*p**2 + 1030*p - 3027. Give u(-168).
-6723
Let n(j) = 15*j**2 + 184*j - 6595. Determine n(-28).
13
Let d(a) = -3*a**2 - 71*a - 153. Determine d(-3).
33
Let f(m) = 2080*m - 18684. Calculate f(9).
36
Let n(c) = -110*c**2 - 793*c - 1215. Calculate n(-5).
0
Let k(n) = -n**3 - 9*n**2 + 986*n + 12206. Calculate k(-13).
64
Let w(m) = 5*m**2 + 2255*m - 2312. Give w(-452).
-52
Let c(n) = 72*n**2 - 4492*n + 65663. Calculate c(39).
-13
Let p(h) = -h**3 + 50*h**2 - 19*h - 3684. Calculate p(48).
12
Let a(g) = -2035*g - 113944. Determine a(-56).
16
Let j(h) = 8*h**2 - 731*h - 768. What is j(92)?
-308
Let s(y) = -y**2 + 534*y + 82363. Give s(-125).
-12
Let v(q) = -7*q**2 - 108943*q - 653617. Calculate v(-6).
-211
Let f(j) = 5703*j - 163037. Calculate f(29).
2350
Let s(k) = 139900*k + 1119419. Calculate s(-8).
219
Let n(o) = 72*o + 703. Determine n(-5).
343
Let o(g) = -34*g**2 - 340*g - 3237. Determine o(-11).
-3611
Let j(a) = 2*a**2 + 421*a - 54213. Give j(90).
-123
Let c(b) = -293*b**2 - 3821*b - 7648. Give c(-2).
-1178
Let c(a) = -9*a**2 - 369*a - 3102. Determine c(-11).
-132
Let q(d) = d**3 - 80*d**2 - 1283*d + 112216. Give q(78).
-26
Let r(v) = 2*v**3 - 109*v**2 + 216*v - 8736. Calculate r(54).
12
Let m(b) = 180312*b + 901521. What is m(-5)?
-39
Let d(k) = 58*k**2 + 2300*k + 3611. What is d(-38)?
-37
Let n(b) = 4669*b + 1456823. Give n(-312).
95
Let d(w) = -73*w**2 + 338*w + 471. Give d(6).
-129
Let v(a) = -2174*a - 69745. What is v(-32)?
-177
Let k(v) = 3516*v - 21184. Give k(6).
-88
Let r(l) = 1828*l - 116997. Determine r(64).
-5
Let z(m) = -m**3 + 29*m**2 + 18*m + 59. Give z(8).
1547
Let a(t) = 4485*t - 35880. Give a(8).
0
Let o(g) = -7093*g + 1234194. Determine o(174).
12
Let t(f) = -f**3 + 160*f**2 + 1369*f - 169539. What is t(162)?
-249
Let v(n) = -n**3 + 35*n**2 - 75*n - 3385. Calculate v(28).
3
Let g(u) = 6*u**2 + 13732*u - 27494. Calculate g(2).
-6
Let h(i) = i**3 - 199*i**2 + 787*i - 1559. What is h(195)?
-194
Let p(j) = 785*j + 21266. Calculate p(-27).
71
Let d(u) = -u**3 - 80*u**2 - 651*u - 109. Determine d(-9).
-1
Let t(w) = -2*w**3 - 259*w**2 + 907*w - 3134. Give t(-133).
58
Let o(x) = -12001*x - 324021. What is o(-27)?
6
Let d(m) = 141*m - 836. Calculate d(6).
10
Let w(h) = -7294*h + 80165. Give w(11).
-69
Let j(h) = 69*h**3 - 920*h**2 - 11111*h + 34. Calculate j(21).
-8
Let i(d) = -65*d**3 + 6*d**2 - 70*d - 150. Give i(-2).
534
Let z(q) = -19*q**3 - 114*q**2 + 77*q + 479. Determine z(-6).
17
Let j(m) = -6*m**3 - 18*m**2 + 23*m + 6. Give j(-3).
-63
Let l(s) = -s**3 + 18*s**2 - 148*s + 809. Calculate l(11).
28
Let k(r) = 4*r**2 - 658*r + 8453. Determine k(14).
25
Let i(r) = 23430*r + 469993. Calculate i(-20).
1393
Let g(p) = 3*p**2 + 217*p + 478. Calculate g(-68).
-406
Let n(m) = -51*m**3 + 4641*m**2 - 2*m + 197. Determine n(91).
15
Let s(m) = 3*m**3 + 45*m**2 - 526*m - 7540. Calculate s(-16).
108
Let d(w) = w**2 + 340*w - 17431. What is d(45)?
-106
Let q(p) = 2*p**3 + 1543*p**2 - 6438*p - 785084. Calculate q(-775).
-9
Let g(t) = -t**3 - 52*t**2 - 313*t - 1023. Give g(-44).
-2739
Let z(p) = p**3 + 220*p**2 - 906*p - 2281. Calculate z(-224).
-41
Let x(m) = -m**3 - 2533*m**2 - 10433*m - 1272. Give x(-4).
-4
Let i(h) = -12*h**3 - 1034*h**2 - 161*h + 1095. Give i(-86).
149
Let h(v) = 13326*v + 3198243. Give h(-240).
3
Let b(n) = 2*n**2 - 222*n + 8222. What is b(57)?
2066
Let z(x) = 382289*x - 382296. Calculate z(1).
-7
Let m(l) = 29*l**2 + 12*l - 2. Give m(0).
-2
Let w(y) = 62*y**2 - 10834*y + 8001. What is w(174)?
-3
Let z(i) = 6193*i - 148532. Determine z(24).
100
Let w(y) = y**3 + 954*y - 219. What is w(0)?
-219
Let i(x) = 2*x**3 - 32*x**2 - 1696*x + 27323. Calculate i(29).
5
Let n(a) = -362977*a - 21052672. Determine n(-58).
-6
Let z(k) = -k**2 - 1038*k - 103591. Calculate z(-112).
121
Let w(h) = -h**2 - 1756*h - 195. Determine w(0).
-195
Let i(c) = -2181*c - 13105. Calculate i(-6).
-19
Let f(h) = 391*h**2 + 149758*h + 1896